divided by 138?
51
Calculate the remainder when 58753 is divided by 259.
219
Calculate the remainder when 4004 is divided by 120.
44
What is the remainder when 47788 is divided by 270?
268
Calculate the remainder when 22372 is divided by 74.
24
Calculate the remainder when 32678 is divided by 317.
27
What is the remainder when 53540 is divided by 17737?
329
Calculate the remainder when 14148 is divided by 363.
354
What is the remainder when 33344 is divided by 84?
80
Calculate the remainder when 9607 is divided by 86.
61
Calculate the remainder when 101856 is divided by 11.
7
Calculate the remainder when 54189 is divided by 3612.
9
Calculate the remainder when 6200 is divided by 570.
500
What is the remainder when 7799 is divided by 607?
515
What is the remainder when 89877 is divided by 45?
12
Calculate the remainder when 133257 is divided by 47.
12
What is the remainder when 1634 is divided by 309?
89
Calculate the remainder when 18079 is divided by 194.
37
What is the remainder when 233807 is divided by 116900?
7
What is the remainder when 286 is divided by 230?
56
What is the remainder when 96767 is divided by 224?
223
What is the remainder when 3552 is divided by 26?
16
What is the remainder when 122 is divided by 77?
45
Calculate the remainder when 3826 is divided by 837.
478
What is the remainder when 34185 is divided by 15?
0
What is the remainder when 316276 is divided by 353?
341
Calculate the remainder when 17661 is divided by 2202.
45
Calculate the remainder when 42293 is divided by 42289.
4
Calculate the remainder when 906 is divided by 26.
22
Calculate the remainder when 4386 is divided by 7.
4
What is the remainder when 22501 is divided by 805?
766
What is the remainder when 19101 is divided by 435?
396
What is the remainder when 258659 is divided by 14?
9
What is the remainder when 6264 is divided by 91?
76
What is the remainder when 151409 is divided by 7566?
89
Calculate the remainder when 8772 is divided by 93.
30
Calculate the remainder when 236820 is divided by 1741.
44
What is the remainder when 5666 is divided by 1485?
1211
Calculate the remainder when 2817752 is divided by 59952.
8
What is the remainder when 30412 is divided by 55?
52
Calculate the remainder when 49558 is divided by 140.
138
Calculate the remainder when 4502 is divided by 319.
36
What is the remainder when 80415 is divided by 4232?
7
What is the remainder when 39006 is divided by 1078?
198
Calculate the remainder when 2691 is divided by 45.
36
What is the remainder when 48216 is divided by 1121?
13
What is the remainder when 8686 is divided by 1360?
526
Calculate the remainder when 43352 is divided by 55.
12
Calculate the remainder when 976775 is divided by 20.
15
Calculate the remainder when 9340 is divided by 78.
58
What is the remainder when 3158 is divided by 1037?
47
Calculate the remainder when 4313 is divided by 52.
49
Calculate the remainder when 69736 is divided by 5.
1
Calculate the remainder when 18114 is divided by 53.
41
What is the remainder when 26024 is divided by 1370?
1364
What is the remainder when 92356 is divided by 30785?
1
What is the remainder when 1402 is divided by 812?
590
What is the remainder when 4408 is divided by 548?
24
Calculate the remainder when 15864 is divided by 1442.
2
Calculate the remainder when 5947 is divided by 330.
7
Calculate the remainder when 223351 is divided by 401.
395
What is the remainder when 5150 is divided by 929?
505
What is the remainder when 340997 is divided by 55?
52
What is the remainder when 3725 is divided by 21?
8
Calculate the remainder when 1884543 is divided by 128.
127
Calculate the remainder when 2627 is divided by 256.
67
What is the remainder when 502801 is divided by 63?
61
What is the remainder when 5060 is divided by 2332?
396
Calculate the remainder when 52546 is divided by 13129.
30
What is the remainder when 4729 is divided by 1576?
1
Calculate the remainder when 22088 is divided by 14.
10
What is the remainder when 1179541 is divided by 521?
518
Calculate the remainder when 188702 is divided by 254.
234
Calculate the remainder when 1367 is divided by 42.
23
Calculate the remainder when 24165 is divided by 228.
225
Calculate the remainder when 1293 is divided by 165.
138
Calculate the remainder when 19474 is divided by 2.
0
What is the remainder when 12740 is divided by 125?
115
What is the remainder when 339 is divided by 258?
81
Calculate the remainder when 373263 is divided by 94.
83
What is the remainder when 1562720 is divided by 37?
25
Calculate the remainder when 24802 is divided by 26.
24
Calculate the remainder when 1427 is divided by 1145.
282
What is the remainder when 18876 is divided by 1201?
861
Calculate the remainder when 24554 is divided by 8181.
11
Calculate the remainder when 2601 is divided by 2597.
4
What is the remainder when 58246 is divided by 399?
391
What is the remainder when 31543 is divided by 771?
703
Calculate the remainder when 2039 is divided by 369.
194
Calculate the remainder when 239455 is divided by 3.
1
Calculate the remainder when 900749 is divided by 12.
5
What is the remainder when 5178 is divided by 601?
370
What is the remainder when 2878 is divided by 1436?
6
What is the remainder when 218564 is divided by 193?
88
What is the remainder when 16111 is divided by 19?
18
Calculate the remainder when 245377 is divided by 16357.
22
Calculate the remainder when 42447 is divided by 12.
3
Calculate the remainder when 13017814 is divided by 1656.
1654
What is the remainder when 8666 is divided by 198?
152
Calculate the remainder when 390971 is divided by 233.
230
Calculate the remainder when 3020 is divided by 599.
25
Calculate the remainder when 1027 is divided by 290.
157
What is the remainder when 3831 is divided by 257?
233
What is the remainder when 100265 is divided by 271?
266
Calculate the remainder when 621725 is divided by 42.
41
Calculate the remainder when 12474 is divided by 964.
906
Calculate the remainder when 65241 is divided by 498.
3
What is the remainder when 121594 is divided by 605?
594
Calculate the remainder when 12079 is divided by 6017.
45
What is the remainder when 24504 is divided by 8162?
18
Calculate the remainder when 5663837 is divided by 1941.
1940
Calculate the remainder when 869 is divided by 401.
67
Calculate the remainder when 29706 is divided by 5938.
16
Calculate the remainder when 36370 is divided by 433.
431
Calculate the remainder when 17307 is divided by 33.
15
What is the remainder when 7054 is divided by 147?
145
What is the remainder when 2253 is divided by 559?
17
What is the remainder when 148998 is divided by 165?
3
What is the remainder when 834470 is divided by 725?
720
What is the remainder when 2666 is divided by 4?
2
Calculate the remainder when 6962 is divided by 1540.
802
Calculate the remainder when 4870 is divided by 108.
10
What is the remainder when 302563 is divided by 15?
13
What is the remainder when 35183 is divided by 241?
238
Calculate the remainder when 5040 is divided by 108.
72
Calculate the remainder when 259 is divided by 188.
71
Calculate the remainder when 3480 is divided by 1397.
686
What is the remainder when 21121 is divided by 7037?
10
What is the remainder when 496 is divided by 52?
28
Calculate the remainder when 15795 is divided by 158.
153
What is the remainder when 451959 is divided by 2112?
2103
What is the remainder when 372 is divided by 114?
30
What is the remainder when 2022 is divided by 946?
130
What is the remainder when 8535 is divided by 769?
76
Calculate the remainder when 1713732 is divided by 137.
136
What is the remainder when 61091 is divided by 55?
41
What is the remainder when 2318 is divided by 571?
34
What is the remainder when 1741 is divided by 102?
7
Calculate the remainder when 138295 is divided by 69144.
7
What is the remainder when 86878 is divided by 214?
208
What is the remainder when 123 is divided by 121?
2
Calculate the remainder when 249822 is divided by 46.
42
Calculate the remainder when 2923 is divided by 173.
155
Calculate the remainder when 33620 is divided by 448.
20
Calculate the remainder when 35944 is divided by 17954.
36
What is the remainder when 1243 is divided by 29?
25
What is the remainder when 35874 is divided b